{"id":121,"date":"2017-12-26T01:32:02","date_gmt":"2017-12-25T23:32:02","guid":{"rendered":"http:\/\/www.szentandrasiskola.ro\/?page_id=121"},"modified":"2017-12-26T01:32:11","modified_gmt":"2017-12-25T23:32:11","slug":"kurzusaink","status":"publish","type":"page","link":"https:\/\/www.szentandrasiskola.ro\/index.php\/kurzusaink\/","title":{"rendered":"Kurzusaink"},"content":{"rendered":"<p>A Szent Andr\u00e1s Iskola k\u00e9pz\u00e9si programja, 3 l\u00e9pcs\u0151ben van teljes\u00edtve.<\/p>\n<ol type=\"I\">\n<li>Tan\u00fanak lenni<\/li>\n<li>Tan\u00edtv\u00e1nynak lenni<\/li>\n<li>Apostolnak lenni<\/li>\n<\/ol>\n<p>Az I. l\u00e9pcs\u0151 kurzusai a kereszt\u00e9ny \u00e9let alapjaihoz vannak m\u00e9rve \u00e9s c\u00e9ljuk. hogy a megkeresztelteket \u00fajra evangeliz\u00e1lva, a felt\u00e1madt J\u00e9zus tan\u00fai legyenek a csal\u00e1djukban, munkahely\u00fcken \u00e9s a vil\u00e1gban.<\/p>\n<p>Ehhez a l\u00e9pcs\u0151h\u00f6z a k\u00f6vetkez\u0151 kurzusok tartoznak:<\/p>\n<ol>\n<li>\u00daj \u00c9let &#8211; Els\u0151 evangeliz\u00e1ci\u00f3<\/li>\n<li>Emmausz &#8211; Tal\u00e1lkoz\u00e1s Isten Ig\u00e9j\u00e9vel<\/li>\n<li>J\u00e1nos &#8211; Tan\u00edtv\u00e1nyok form\u00e1l\u00e1sa<\/li>\n<li>J\u00e9zus &#8211; J\u00e9zus a 4 Evang\u00e9liumban<\/li>\n<li>\u00dcdvt\u00f6rt\u00e9net &#8211; A mi t\u00f6rt\u00e9net\u00fcnk<\/li>\n<li>M\u00f3zes &#8211; Szabad\u00edt\u00f3k iskol\u00e1ja<\/li>\n<li>Boldogok vagytok &#8211; \u00dat a boldogs\u00e1ghoz<\/li>\n<\/ol>\n<p>A II. l\u00e9pcs\u0151 kurzusai arra t\u00f6rekszenek, hogy megtan\u00edtsanak evangeliz\u00e1lni. A felt\u00e1madt J\u00e9zus tan\u00faja nem hallgathat arr\u00f3l amit megtapasztalt vele.<\/p>\n<p>A m\u00e1sodik l\u00e9pcs\u0151h\u00f6z tartoz\u00f3 kurzusok:<\/p>\n<ol>\n<li>P\u00e1l &#8211; Evangeliz\u00e1torok k\u00e9pz\u00e9se<\/li>\n<li>D\u00fcnamisz &#8211; Evangeliz\u00e1ci\u00f3 nagy hatalommal<\/li>\n<li>Tim\u00f3teus &#8211; Olvasni, al\u00e1h\u00fazni, tanulni a Bibli\u00e1t<\/li>\n<li>P\u00e1l titka<\/li>\n<li>Apoll\u00f3 &#8211; Igeh\u00edrdet\u0151k k\u00e9pz\u00e9se<\/li>\n<li>Damaszkusz &#8211; \u00c9letem Krisztus<\/li>\n<li>M\u00e1ria &#8211; Krisztus levele<\/li>\n<\/ol>\n<p>Az utols\u00f3, III. l\u00e9pcs\u0151 az Iskola programj\u00e1ban az evangeliz\u00e1torok k\u00e9pz\u00e9s\u00e9re f\u00f3kusz\u00e1l, \u00fagymond a munkat\u00e1rsak bels\u0151 fejl\u0151d\u00e9s\u00e9t el\u0151seg\u00edt\u0151 kurzusok.<\/p>\n<ol>\n<li>Maranatha &#8211; Apokalipszis<\/li>\n<li>P\u00e9ter &#8211; Egyh\u00e1ztan<\/li>\n<li>Bevezet\u00e9s a Bibli\u00e1ba<\/li>\n<li>Luk\u00e1cs &#8211; Apologetika<\/li>\n<li>Biblikus teol\u00f3gia<\/li>\n<li>Melkizedek &#8211; Liturgia<\/li>\n<li>Jetr\u00f3 &#8211; \u00d6k\u00fcmen\u00e9<\/li>\n<\/ol>\n","protected":false},"excerpt":{"rendered":"<p>A Szent Andr\u00e1s Iskola k\u00e9pz\u00e9si programja, 3 l\u00e9pcs\u0151ben van teljes\u00edtve. Tan\u00fanak lenni Tan\u00edtv\u00e1nynak lenni Apostolnak lenni Az I. l\u00e9pcs\u0151 kurzusai a kereszt\u00e9ny \u00e9let alapjaihoz vannak m\u00e9rve \u00e9s c\u00e9ljuk. hogy a megkeresztelteket \u00fajra evangeliz\u00e1lva, a felt\u00e1madt J\u00e9zus tan\u00fai legyenek a csal\u00e1djukban, munkahely\u00fcken \u00e9s a vil\u00e1gban. Ehhez a l\u00e9pcs\u0151h\u00f6z a k\u00f6vetkez\u0151 kurzusok tartoznak: \u00daj \u00c9let &#8211; Els\u0151 &hellip; <\/p>\n<p class=\"link-more\"><a href=\"https:\/\/www.szentandrasiskola.ro\/index.php\/kurzusaink\/\" class=\"more-link\">Continu\u0103 lectura<span class=\"screen-reader-text\"> &#8222;Kurzusaink&#8221;<\/span><\/a><\/p>\n","protected":false},"author":1,"featured_media":0,"parent":0,"menu_order":0,"comment_status":"closed","ping_status":"closed","template":"","meta":{"footnotes":""},"class_list":["post-121","page","type-page","status-publish","hentry"],"_links":{"self":[{"href":"https:\/\/www.szentandrasiskola.ro\/index.php\/wp-json\/wp\/v2\/pages\/121","targetHints":{"allow":["GET"]}}],"collection":[{"href":"https:\/\/www.szentandrasiskola.ro\/index.php\/wp-json\/wp\/v2\/pages"}],"about":[{"href":"https:\/\/www.szentandrasiskola.ro\/index.php\/wp-json\/wp\/v2\/types\/page"}],"author":[{"embeddable":true,"href":"https:\/\/www.szentandrasiskola.ro\/index.php\/wp-json\/wp\/v2\/users\/1"}],"replies":[{"embeddable":true,"href":"https:\/\/www.szentandrasiskola.ro\/index.php\/wp-json\/wp\/v2\/comments?post=121"}],"version-history":[{"count":2,"href":"https:\/\/www.szentandrasiskola.ro\/index.php\/wp-json\/wp\/v2\/pages\/121\/revisions"}],"predecessor-version":[{"id":123,"href":"https:\/\/www.szentandrasiskola.ro\/index.php\/wp-json\/wp\/v2\/pages\/121\/revisions\/123"}],"wp:attachment":[{"href":"https:\/\/www.szentandrasiskola.ro\/index.php\/wp-json\/wp\/v2\/media?parent=121"}],"curies":[{"name":"wp","href":"https:\/\/api.w.org\/{rel}","templated":true}]}}