{"id":55,"date":"2017-12-25T21:40:00","date_gmt":"2017-12-25T19:40:00","guid":{"rendered":"http:\/\/www.szentandrasiskola.ro\/?page_id=55"},"modified":"2022-09-27T10:01:15","modified_gmt":"2022-09-27T08:01:15","slug":"strategie","status":"publish","type":"page","link":"https:\/\/www.scoalasfantulandrei.ro\/index.php\/strategie\/","title":{"rendered":"Strategie"},"content":{"rendered":"<blockquote><p>Dac\u0103 fierul este tocit \u0219i t\u0103i\u0219ul nu este ascu\u021bit,<br \/>\n<em>trebuie s\u0103 fie mai puternice for\u021bele.\u00a0<\/em>\u00a0Ecleziastul 10,10.<\/p><\/blockquote>\n<p>A \u00eenv\u0103\u021ba evanghelizarea se face prin evanghelizare.<\/p>\n<p>Noutatea \u0219colii noastre este c\u0103 transmitem \u00eenv\u0103\u021b\u0103tura tradi\u021bional\u0103 a Bisericii \u00eentr-o modalitate modern\u0103. Metodologia a fost creat\u0103 pentru formarea persoanelor adulte.<\/p>\n<p>Avem nevoie de o metodologie nou\u0103, nu de o Evanghelie nou\u0103.<\/p>\n<p>\u00cenv\u0103\u021b\u0103turile noastre sunt Biblice, modul de prezentare este caracterizat prin explicare simpl\u0103. Urm\u0103rind apelul Papei Paul al VI-lea \u0219i\u00a0 al Papei Ioan Paul al II-lea,\u00a0 m\u0103rturia prime\u0219te un rol important: <em>\u201eOmul din ziua de azi este mai mult interesat de martori dec\u00e2t \u00eenv\u0103\u021b\u0103tori, iar dac\u0103 totu\u0219i se ascult\u0103 de \u00eenv\u0103\u021b\u0103tori, face acest lucru pentru c\u0103 \u00eenv\u0103\u021b\u0103torii sunt \u0219i martori \u00een acela\u0219i timp. \u201d (<a href=\"http:\/\/w2.vatican.va\/content\/paul-vi\/en\/apost_exhortations\/documents\/hf_p-vi_exh_19751208_evangelii-nuntiandi.html\">EN 41<\/a>,\u00a0<a href=\"http:\/\/w2.vatican.va\/content\/john-paul-ii\/en\/encyclicals\/documents\/hf_jp-ii_enc_07121990_redemptoris-missio.html\">RM 42<\/a>)<\/em><\/p>\n<p>Metodologia \u0219colii noastre este f\u0103cut\u0103 dup\u0103 cele mai moderne principii pedagogice \u0219i <a href=\"http:\/\/dexonline.ro\/definitie\/andragogie\">andragogice<\/a>. Punem accent foarte mare pe ilustrarea temelor \u021bintind c\u00e2t mai multe organe de sim\u021b. Atragem participan\u021bii \u00een procesul de predare \u2013 \u00eenv\u0103\u021bare. Ca \u00eenv\u0103\u021b\u0103tura noastr\u0103 s\u0103 nu fie numai prelegere teoretic\u0103, la fiecare \u00eenv\u0103\u021b\u0103tur\u0103 avem \u0219i o activitate a participan\u021bilor: rug\u0103ciunea \u0219i c\u00e2ntatul \u00een comun, desenarea plan\u0219elor, preg\u0103tirea unor piese de teatru, discu\u021bii \u00een grupuri mici, precum \u0219i\u00a0 dinamici prin care \u00eei invit\u0103m pe participan\u021bi\u00a0 s\u0103 ia decizii. Cursurile noastre pot fi caracterizate \u00een general de o atmosfer\u0103 de rug\u0103ciune \u0219i veselie.<\/p>\n<blockquote><p><em>\u201eV-am \u00eenv\u0103\u021bat \u00eenainte de toate, a\u0219a cum am primit \u0219i eu, c\u0103 Hristos a murit pentru p\u0103catele noastre, dup\u0103 Scripturi, c\u0103 a fost \u00eengropat \u0219i a \u00eenviat a treia zi, dup\u0103 Scripturi.\u201d<\/em>\u00a0 (1 Corinteni 15, 3-4.)<\/p><\/blockquote>\n<p>Metodologia \u0219i experien\u021ba mai multor ani, ne-a convins c\u0103 nu este nevoie s\u0103 complet\u0103m kerigma de 2000 de ani cu elemente noi sau moderne, occidentale sau orientale, ci este nevoie s\u0103 o formul\u0103m \u00eentr-un limbaj modern \u0219i creativ.<\/p>\n","protected":false},"excerpt":{"rendered":"<p>Dac\u0103 fierul este tocit \u0219i t\u0103i\u0219ul nu este ascu\u021bit, trebuie s\u0103 fie mai puternice for\u021bele.\u00a0\u00a0Ecleziastul 10,10. A \u00eenv\u0103\u021ba evanghelizarea se face prin evanghelizare. Noutatea \u0219colii noastre este c\u0103 transmitem \u00eenv\u0103\u021b\u0103tura tradi\u021bional\u0103 a Bisericii \u00eentr-o modalitate modern\u0103. Metodologia a fost creat\u0103 pentru formarea persoanelor adulte. Avem nevoie de o metodologie nou\u0103, nu de o Evanghelie nou\u0103. &hellip; <\/p>\n<p class=\"link-more\"><a href=\"https:\/\/www.scoalasfantulandrei.ro\/index.php\/strategie\/\" class=\"more-link\">Continu\u0103 lectura<span class=\"screen-reader-text\"> &#8222;Strategie&#8221;<\/span><\/a><\/p>\n","protected":false},"author":1,"featured_media":0,"parent":0,"menu_order":0,"comment_status":"closed","ping_status":"closed","template":"","meta":{"footnotes":""},"class_list":["post-55","page","type-page","status-publish","hentry"],"_links":{"self":[{"href":"https:\/\/www.szentandrasiskola.ro\/index.php\/wp-json\/wp\/v2\/pages\/55","targetHints":{"allow":["GET"]}}],"collection":[{"href":"https:\/\/www.szentandrasiskola.ro\/index.php\/wp-json\/wp\/v2\/pages"}],"about":[{"href":"https:\/\/www.szentandrasiskola.ro\/index.php\/wp-json\/wp\/v2\/types\/page"}],"author":[{"embeddable":true,"href":"https:\/\/www.szentandrasiskola.ro\/index.php\/wp-json\/wp\/v2\/users\/1"}],"replies":[{"embeddable":true,"href":"https:\/\/www.szentandrasiskola.ro\/index.php\/wp-json\/wp\/v2\/comments?post=55"}],"version-history":[{"count":3,"href":"https:\/\/www.szentandrasiskola.ro\/index.php\/wp-json\/wp\/v2\/pages\/55\/revisions"}],"predecessor-version":[{"id":7859,"href":"https:\/\/www.szentandrasiskola.ro\/index.php\/wp-json\/wp\/v2\/pages\/55\/revisions\/7859"}],"wp:attachment":[{"href":"https:\/\/www.szentandrasiskola.ro\/index.php\/wp-json\/wp\/v2\/media?parent=55"}],"curies":[{"name":"wp","href":"https:\/\/api.w.org\/{rel}","templated":true}]}}