{"id":76,"date":"2017-12-25T23:49:30","date_gmt":"2017-12-25T21:49:30","guid":{"rendered":"http:\/\/www.szentandrasiskola.ro\/?page_id=76"},"modified":"2017-12-25T23:56:29","modified_gmt":"2017-12-25T21:56:29","slug":"az-alapito","status":"publish","type":"page","link":"https:\/\/www.szentandrasiskola.ro\/index.php\/az-alapito\/","title":{"rendered":"Az alap\u00edt\u00f3"},"content":{"rendered":"<p><img loading=\"lazy\" decoding=\"async\" class=\"alignleft size-full wp-image-77\" src=\"http:\/\/www.szentandrasiskola.ro\/wp-content\/uploads\/2017\/12\/jhpflores.jpg\" alt=\"Jose Prado Flores\" width=\"257\" height=\"416\" srcset=\"https:\/\/www.szentandrasiskola.ro\/wp-content\/uploads\/2017\/12\/jhpflores.jpg 257w, https:\/\/www.szentandrasiskola.ro\/wp-content\/uploads\/2017\/12\/jhpflores-185x300.jpg 185w\" sizes=\"auto, (max-width: 257px) 100vw, 257px\" \/><a href=\"http:\/\/www.evangelizacion.net\/\">Jos\u00e9 H. Prado Flores<\/a>, ismertebb nev\u00e9n Pepe Prado, a Szent Andr\u00e1s<br \/>\nEvangeliz\u00e1ci\u00f3s Iskola alap\u00edt\u00f3ja.<\/p>\n<p>41 k\u00f6nyv szerez\u0151je, melyek az evangeliz\u00e1ci\u00f3, a Biblia \u00e9s a L\u00e9lekben val\u00f3 meg\u00fajul\u00e1s t\u00e9mak\u00f6r\u00e9ben \u00edr\u00f3dtak. 16 kurzust \u00edrt a Szent Andr\u00e1s Evangeliz\u00e1cis Iskol\u00e1knak.<\/p>\n<p>A vil\u00e1g 56 orsz\u00e1gban pr\u00e9dik\u00e1lt, t\u00f6bbek k\u00f6z\u00f6tt a Vatik\u00e1nban is. Emiliano Tardif atya \u00e9let\u00e9ben k\u00f6z\u00f6sen szolg\u00e1lt vele, h\u00e1rom k\u00f6nyvet \u00edrtak k\u00f6z\u00f6sen, amelyek k\u00f6z\u00f6tt a legismertebb a \u201eJ\u00e9zus \u00c9l!\u201d, melyet 25 nyelvre ford\u00edtottak le.<\/p>\n<h2>\u00a0\u00c9letem tan\u00fas\u00e1ga<\/h2>\n<p class=\"rtejustify\">M\u00e1r majdnem befejeztem 1971-ben. A spiritu\u00e1lis tapasztalatom kiel\u00e9g\u00edt\u0151 volt sz\u00e1momra, abban a hitben \u00e9ltem, hogy a b\u0151s\u00e9ges \u00e9let egy m\u00e1sik vil\u00e1gnak van fenntartva. A val\u00f3s\u00e1gban nem rem\u00e9ltem sokat, mert abban hittem, ami lehets\u00e9ges. J\u00f3l \u00e9reztem magam a b\u0151r\u00f6mben \u00e9s nem volt sz\u00fcks\u00e9gem a megv\u00e1lt\u00e1sra. S\u0151t mi t\u00f6bb, azt gondoltam, hogy a megv\u00e1lt\u00e1s a nagy b\u0171n\u00f6s\u00f6k sz\u00e1m\u00e1ra van, \u00e9s \u00e9n biztosan nem tartozom k\u00f6z\u00e9j\u00fck. Nem k\u00f6vettem el botr\u00e1nyos b\u0171n\u00f6ket, de bef\u00e9szkelte mag\u00e1t bel\u00e9m a legrosszabb a b\u0171n, a farizeizmus.<\/p>\n<p>M\u00e9g ez \u00e9v november v\u00e9g\u00e9n, egy furcsa csoport \u00e9rkezett a \u201eA Magaslat\u201d Lelkis\u00e9gi K\u00f6zpontba, ahol akkor \u00e9ltem. Felemelt kezekkel \u00e9nekeltek \u00e9s \u00fagy besz\u00e9ltek Istennel \u2013 nekem \u00fagy t\u0171nt \u2013, hogy l\u00e1tj\u00e1k a L\u00e1thatatlant. Felkeltette az \u00e9rdekl\u0151d\u00e9semet, igen, de ezek a k\u00fcls\u0151 jegyek furcs\u00e1nak t\u0171ntek az \u00e9n olyan nagyon rideg \u00e9s form\u00e1lis vall\u00e1soss\u00e1gomnak, amit \u00e9n komolyabbnak \u00e9s m\u00e9lyebbnek tartottam (az \u00f6v\u00e9k\u00e9n\u00e9l). Ennek ellen\u00e9re valami megragadta a figyelmem: a t\u00fal\u00e1rad\u00f3 \u00f6r\u00f6m\u00fck. Bolondnak t\u0171ntek de el\u00e9gedettnek, \u00e9n nem voltam bolond, de nem is \u00e9reztem ezt a boldogs\u00e1got. S\u0151t mi t\u00f6bb Isten Ig\u00e9j\u00e9t olyan egyszer\u0171en tudt\u00e1k magyar\u00e1zni, hogy az meg\u00e9rintette a sz\u00edvet. \u00c9n tan\u00e1rk\u00e9nt tan\u00edtottam a Bibli\u00e1t \u00e9s azon dolgoztam, hogy megragadjam a tan\u00edtv\u00e1nyaim figyelm\u00e9t. Azok az egyszer\u0171 emberek pedig, biblikus k\u00e9pzetts\u00e9g n\u00e9lk\u00fcl, sikeresen el\u00e9rt\u00e9k a sz\u00edveket \u00e9s t\u00f6bbek k\u00f6z\u00f6tt az eny\u00e9met is rabul ejtett\u00e9k.<\/p>\n<p>Ezen az est\u00e9n az els\u0151 sorban \u00fcltem, a pr\u00e9dik\u00e1tor r\u00e1m n\u00e9zett \u00e9s azt mondta: Nem kell j\u00f3nak lenned ahhoz, hogy Isten szeressen t\u00e9ged, \u0150 szeret t\u00e9ged mert \u0150 j\u00f3. Felt\u00e9tel n\u00e9lk\u00fcli szeretettel szeret t\u00e9ged. Ez \u00f6sszet\u00f6rte az utols\u00f3 akad\u00e1lyt is ami bennem volt, \u00e9s amikor megk\u00e9rdezt\u00e9k: ki szeretn\u00e9 megkapni a Szentl\u00e9lek kereszts\u00e9get, b\u00e1tortalanul a magasba emeltem a kezemet. Elindult fel\u00e9m k\u00e9t amerikai, akik angolul im\u00e1dkoztak \u00e9s \u00e9n automatikusan elkezdtem s\u00edrni Isten megrend\u00edt\u0151 jelenl\u00e9te el\u0151tt, mik\u00f6zben egyre m\u00e1sra azt ism\u00e9telgettem: Uram \u00e9n nem vagyok r\u00e1 k\u00e9pes, de Te k\u00e9pes vagy r\u00e1. Azt szerettem volna mondani Istennek, aki elt\u00f6lt\u00f6tt ezzel a miszt\u00e9riummal, hogy \u00e9n az \u00f6sszes er\u0151fesz\u00edt\u00e9semmel, tud\u00e1sommal \u00e9s \u00e1ldozatommal sem voltam k\u00e9pes r\u00e1, hogy el\u00e9rjem \u0150t, nem tudtam megragadni, de \u0150 k\u00e9pes r\u00e1, hogy el\u00e9rjen engem.<\/p>\n<p>Abban a pillanatban elteltem Szentl\u00e9lekkel, ami \u00e1tform\u00e1lta az \u00e9letem. Megt\u00f6rt\u00e9nt az els\u0151 megt\u00e9r\u00e9sem, Isten farizeusb\u00f3l \u00e1tv\u00e1ltoztatott fi\u00fav\u00e1. A megt\u00e9r\u00e9skor nehezebb az igaz embernek fi\u00fav\u00e1 v\u00e1lnia, mint a b\u0171n\u00f6snek igazz\u00e1. Ha Isten megtudta ezt cselekedni bennem, akkor k\u00e9pes ezt megtenni b\u00e1rkiben.<\/p>\n<p>Itt t\u00e1rta fel nekem a hivat\u00e1som \u00e9s k\u00fcldet\u00e9sem. Isten elh\u00edvott az evangeliz\u00e1ci\u00f3ra mint laikust az \u0151 Egyh\u00e1z\u00e1ba. \u00cdgy n\u00e9h\u00e1ny h\u00f3napon bel\u00fcl elkezdtem evangeliz\u00e1lni. A Szentl\u00e9lek a tan\u00faj\u00e1v\u00e1 tett \u00e9s elmentem k\u00fcl\u00f6nb\u00f6z\u0151 csoportokhoz Mexik\u00f3v\u00e1rosban, hogy tan\u00edtsam a Bibli\u00e1t, mivel m\u00e1r volt j\u00f3 biblikus k\u00e9pzetts\u00e9gem.<\/p>\n<p>Az evangeliz\u00e1ci\u00f3s munka minden alkalommal egyre t\u00f6bb lett, ez\u00e9rt elhat\u00e1roztam, hogy otthagyom a katedr\u00e1t a Szent\u00edr\u00e1s Int\u00e9zetben \u00e9s minden id\u0151met a pr\u00e9dik\u00e1ci\u00f3nak szentelem, sok v\u00e1rost bej\u00e1rva szerte az orsz\u00e1gban. Szint\u00e9n \u00edgy kezdtem el a munk\u00e1t Latin-Amerik\u00e1ban \u00e9s az Egyes\u00fclt \u00c1llamokban.<\/p>\n<p>Felt\u00e9ve, hogy egy evangeliz\u00e1tor nem k\u00f6zvetlen\u00fcl evangeliz\u00e1l, hanem evangeliz\u00e1torokat k\u00e9pez, megsz\u00fcletett a sz\u00edvemben az \u00f6tlet az evangeliz\u00e1torok k\u00e9pz\u00e9s\u00e9r\u0151l. 1980 nyar\u00e1n elkezdt\u00fck az els\u0151 kurzust egy \u00f6reg h\u00e1zban, szer\u00e9ny k\u00f6r\u00fclm\u00e9nyek k\u00f6z\u00f6tt. 44 f\u0151 sz\u00e1m\u00e1ra volt hely\u00fcnk \u00e9s 42-en j\u00f6ttek el, k\u00f6z\u00fcl\u00fck ketten papok voltak. A kurzus egy h\u00e9tig tartott \u00e9s Bill Finke tapasztalatainak k\u00f6sz\u00f6nhet\u0151en megtanultunk evangeliz\u00e1lni. \u00cdgy sz\u00fcletett meg az els\u0151 evangeliz\u00e1ci\u00f3s iskola, amit az \u201eApostolok Iskol\u00e1j\u00e1nak\u201d h\u00edvtak.<\/p>\n<p>\u00cdgy kaptam meg a m\u00e1sodik k\u00fcldet\u00e9sem: m\u00e1r nem csak evangeliz\u00e1ltam, hanem evangeliz\u00e1torokat k\u00e9peztem. Megtanultam, hogy a munk\u00e1t csapatban kell v\u00e9gezz\u00fck, vagy nem fog megval\u00f3sulni. Nem egy embernek volt munka, hanem k\u00fcl\u00f6nb\u00f6z\u0151 szem\u00e9lyeknek.<\/p>\n<p>1990-ben integr\u00e1l\u00f3dtam az Evangeliz\u00e1ci\u00f3s Terv 2000-hez a latin-amerikai Igazgat\u00f3s\u00e1ggal. Elkezdt\u00fck megsokszorozni az Evangeliz\u00e1ci\u00f3s Iskol\u00e1k sz\u00e1m\u00e1t \u00e9s kialak\u00edtottuk az iskol\u00e1k ellen\u0151rz\u00e9s\u00e9t \u00e9s t\u00e1pl\u00e1l\u00e1s\u00e1t. Akkor a v\u00edzi\u00f3m kisz\u00e9lesedett. A feladatom az, hogy olyan embereket k\u00e9pezzek, akik majd az iskol\u00e1kat fogj\u00e1k kialak\u00edtani.<\/p>\n<p>\u00cdgy 1994-ben a must\u00e1rmag kihajtott \u00e9s a Szent Andr\u00e1s Evangeliz\u00e1ci\u00f3s Iskola f\u00e1j\u00e1v\u00e1 tereb\u00e9lyesedett, hogy ma kiterjessze az \u00e1gait 58 orsz\u00e1gba t\u00f6bb mint 2000 evangeliz\u00e1ci\u00f3s iskol\u00e1val, amelyek ugyanabban a v\u00edzi\u00f3ban, m\u00f3dszertanban \u00e9s k\u00e9pz\u00e9si programban osztoznak.<\/p>\n<p>ford\u00edtotta: Valkai Ildik\u00f3 (<a href=\"http:\/\/www.evangelizacion.net\/testimonio_ppp.php\">eredeti spanyol nyelven<\/a>)<\/p>\n<p><a href=\"http:\/\/www.szentandrasiskola.ro\/wp-content\/uploads\/2017\/12\/SzentAndrasAPapanal_Pepe_Gellert.jpg\"><img loading=\"lazy\" decoding=\"async\" class=\"alignright size-large wp-image-84\" src=\"http:\/\/www.szentandrasiskola.ro\/wp-content\/uploads\/2017\/12\/SzentAndrasAPapanal_Pepe_Gellert-1024x683.jpg\" alt=\"\" width=\"525\" height=\"350\" srcset=\"https:\/\/www.szentandrasiskola.ro\/wp-content\/uploads\/2017\/12\/SzentAndrasAPapanal_Pepe_Gellert-1024x683.jpg 1024w, https:\/\/www.szentandrasiskola.ro\/wp-content\/uploads\/2017\/12\/SzentAndrasAPapanal_Pepe_Gellert-300x200.jpg 300w, https:\/\/www.szentandrasiskola.ro\/wp-content\/uploads\/2017\/12\/SzentAndrasAPapanal_Pepe_Gellert-768x512.jpg 768w\" sizes=\"auto, (max-width: 525px) 100vw, 525px\" \/><\/a><\/p>\n","protected":false},"excerpt":{"rendered":"<p>Jos\u00e9 H. Prado Flores, ismertebb nev\u00e9n Pepe Prado, a Szent Andr\u00e1s Evangeliz\u00e1ci\u00f3s Iskola alap\u00edt\u00f3ja. 41 k\u00f6nyv szerez\u0151je, melyek az evangeliz\u00e1ci\u00f3, a Biblia \u00e9s a L\u00e9lekben val\u00f3 meg\u00fajul\u00e1s t\u00e9mak\u00f6r\u00e9ben \u00edr\u00f3dtak. 16 kurzust \u00edrt a Szent Andr\u00e1s Evangeliz\u00e1cis Iskol\u00e1knak. A vil\u00e1g 56 orsz\u00e1gban pr\u00e9dik\u00e1lt, t\u00f6bbek k\u00f6z\u00f6tt a Vatik\u00e1nban is. Emiliano Tardif atya \u00e9let\u00e9ben k\u00f6z\u00f6sen szolg\u00e1lt vele, h\u00e1rom &hellip; <\/p>\n<p class=\"link-more\"><a href=\"https:\/\/www.szentandrasiskola.ro\/index.php\/az-alapito\/\" class=\"more-link\">Continu\u0103 lectura<span class=\"screen-reader-text\"> &#8222;Az alap\u00edt\u00f3&#8221;<\/span><\/a><\/p>\n","protected":false},"author":1,"featured_media":0,"parent":0,"menu_order":0,"comment_status":"closed","ping_status":"closed","template":"","meta":{"footnotes":""},"class_list":["post-76","page","type-page","status-publish","hentry"],"_links":{"self":[{"href":"https:\/\/www.szentandrasiskola.ro\/index.php\/wp-json\/wp\/v2\/pages\/76","targetHints":{"allow":["GET"]}}],"collection":[{"href":"https:\/\/www.szentandrasiskola.ro\/index.php\/wp-json\/wp\/v2\/pages"}],"about":[{"href":"https:\/\/www.szentandrasiskola.ro\/index.php\/wp-json\/wp\/v2\/types\/page"}],"author":[{"embeddable":true,"href":"https:\/\/www.szentandrasiskola.ro\/index.php\/wp-json\/wp\/v2\/users\/1"}],"replies":[{"embeddable":true,"href":"https:\/\/www.szentandrasiskola.ro\/index.php\/wp-json\/wp\/v2\/comments?post=76"}],"version-history":[{"count":3,"href":"https:\/\/www.szentandrasiskola.ro\/index.php\/wp-json\/wp\/v2\/pages\/76\/revisions"}],"predecessor-version":[{"id":86,"href":"https:\/\/www.szentandrasiskola.ro\/index.php\/wp-json\/wp\/v2\/pages\/76\/revisions\/86"}],"wp:attachment":[{"href":"https:\/\/www.szentandrasiskola.ro\/index.php\/wp-json\/wp\/v2\/media?parent=76"}],"curies":[{"name":"wp","href":"https:\/\/api.w.org\/{rel}","templated":true}]}}